Calculate the highest common divisor of k and o.
2
Let b = -38 + 40. Suppose -b*f = -3*f + 4*d + 11, 2*d + 23 = 3*f. Suppose -4*k + 39 = -45. Calculate the greatest common factor of k and f.
7
Suppose 2*u - 68 + 2 = 0. Let k = u - 18. Suppose 15 = -0*o + o. What is the highest common divisor of o and k?
15
Let m be -3 - 1 - 426/(-6). Let c = m - 39. What is the highest common divisor of 224 and c?
28
Let w be 99/12 - (-2)/(-8). Suppose 0 = -w*i + 14*i - 174. What is the highest common factor of i and 116?
29
Let j be (-203)/(-42) - 1/(-6). Calculate the highest common factor of j and 85.
5
Suppose k + 20 = 3*d - 4114, -4*d - 3*k = -5512. Calculate the highest common factor of d and 106.
106
Suppose 3*z - 8 = 5*c, -3*z - 4*c + 32 = z. Suppose w + 111 = 3*u, 4*u + 2*w - 47 = 91. Suppose 0 = 3*n - n - u. What is the highest common factor of n and z?
6
Let s(v) = -v**2 - 8*v + 162. Let d be s(-14). Calculate the greatest common divisor of 156 and d.
78
Suppose 0*v + 3*f + 1181 = -4*v, -3*f = 5*v + 1480. Let n = -201 - v. Calculate the greatest common divisor of n and 14.
14
Let x(y) = -y**2 - 10*y + 2. Let d be x(-8). Let m be (42/4)/(39/234). What is the greatest common factor of d and m?
9
Let s = -56 - -32. Let l be 32/s*((-3)/6 - 1). Calculate the greatest common factor of l and 2.
2
Suppose 0 = -3*f - b - 2*b + 228, 2*f - 4*b = 128. Calculate the highest common divisor of 54 and f.
18
Let f(d) = -3*d - 37. Let m be f(-11). Let l be (-14)/m*(9 - 3). Calculate the greatest common divisor of l and 49.
7
Let b(z) = -18*z**3 + 2*z**2 + 4*z + 3. Let p be b(-1). Suppose -2*n - i = -4*i - p, i = -5*n + 39. Calculate the greatest common divisor of n and 4.
4
Suppose 0 = 2*a - 5 + 17. Let c(d) = -41*d + 19 + 15*d - 10. Let g be c(a). Calculate the highest common divisor of 15 and g.
15
Suppose 4*l - l - 42 = 0. Let m = -13 + l. Suppose -16 = -5*r + 19. What is the greatest common factor of r and m?
1
Let v be (-4)/10 + (2058/(-35))/(-7). Let l(p) = -p + 6. Let x be l(5). What is the greatest common factor of x and v?
1
Let l be ((-148)/(-6) - (-12)/(-18))/(51/34). Suppose -3*i = i - 8. Calculate the highest common divisor of l and i.
2
Let r be ((-15)/6)/((-1)/30). Let k be (-174)/(-24) + 3/(-15 - -3). Let t(x) = -x**2 + 10*x + 9. Let c be t(k). Calculate the highest common factor of c and r.
15
Let v = 11 - 1. Let o = 106 + -96. Calculate the greatest common factor of o and v.
10
Let h be (-494)/(-52)*(-2)/(-3)*3. Calculate the highest common divisor of 76 and h.
19
Suppose 0 = -4*v - 4, -28 = -p - 0*p - v. What is the highest common factor of 58 and p?
29
Let a = 995 - 579. Suppose a = 2*g - 4*s, 0 = -0*s - s - 5. Suppose -g = -4*l - 66. What is the greatest common factor of l and 11?
11
Let v(h) = h**3 - 10*h**2 + 9. Let k = -13 - -23. Let z be v(k). Suppose -15 = -3*j + z. Calculate the highest common divisor of 40 and j.
8
Suppose -10776 = -5*w + 2*j, -j - 14601 + 3823 = -5*w. Calculate the greatest common divisor of w and 14.
14
Let y be 1/(1/(-1 - -2)). Let n(v) = -v**3 - 12*v**2 - 2*v - 23. Let w be n(-12). Let m be 7 + w + 2 + -1. Calculate the greatest common factor of m and y.
1
Let i be 4/(-14)*(16 + -44). Suppose -5*z + 36 = 4*k, 5*k + 6*z - 32 = 3*z. Let s = i + k. What is the highest common factor of 96 and s?
12
Let x be -4*(-207 - (-4 + -1)). Calculate the greatest common divisor of 8 and x.
8
Let b = 19 + 72. Suppose x + 0*x - b = 0. Let m be (1*-2)/4*(-10 - 16). What is the highest common divisor of m and x?
13
Suppose -3*g + 2*o = -518, -10*g + 7*g + 4*o = -508. Calculate the greatest common divisor of g and 16.
16
Suppose -3*x + 2*x = -3. Let f = x - -7. Let o(c) = -c**2 + 11*c. Let t be o(f). What is the greatest common factor of t and 30?
10
Let m(p) = p**2 - 5*p - 3. Let g be m(8). Let o be (-9)/g - 3366/(-14). Suppose 0 = -7*t + 3*t + o. What is the highest common factor of t and 12?
12
Let d = 428 + -421. What is the greatest common factor of d and 203?
7
Let o be (-14)/(-7) + (510/(-2))/(-3). Calculate the greatest common divisor of 87 and o.
87
Let u = 1 - 1. Let o be -2 - (1 - u)*-34. What is the greatest common factor of 96 and o?
32
Let p = -41 - -29. Let i = p - -21. Suppose 6*b - i = 9. What is the highest common divisor of b and 6?
3
Suppose m - 57 = -1. Suppose 0 = 8*s - 149 - 99. Suppose -2*c = d + 4*d - s, 6 = -3*c. Calculate the highest common divisor of m and d.
7
Suppose 0 = 4*j - 3*j - 2*u + 5, 5*j = 4*u - 37. Let q(s) = -s**3 - 9*s**2 + 1. Let b be q(j). What is the greatest common divisor of b and 1?
1
Suppose 197 = 23*v - 240. What is the highest common divisor of v and 1615?
19
Let j(n) = -n - 2. Let t be j(-9). Suppose 2*a = 3*s - 7, 3*a + 2*s = -0*s + 9. What is the greatest common divisor of t and a?
1
Suppose -q - 1 = 0, 2*q - 88 = -0*t - 5*t. What is the greatest common factor of 126 and t?
18
Let l be -2 - (96/(-1) + -2). Let i(c) = c**2 + c - 482. Let s be i(-23). Calculate the highest common divisor of s and l.
24
Suppose 2*q - 42 = -2*z, 24 = 2*z - 0*z - 4*q. Let w(j) = 3*j**2 + 90*j + 798. Let r be w(-16). Calculate the highest common factor of r and z.
18
Let y be (12/10 - 0)/(1/5). Suppose 0 = 3*q + 9, -l + y*l - 131 = -3*q. Let w(f) = 6*f**2 - 2*f. Let t be w(-2). What is the greatest common divisor of l and t?
28
Let j be (6/4)/((-15)/(-30)). Suppose 0 = 3*g - j*t + 3, 3*t = -g + 8*t - 13. Calculate the greatest common divisor of 5 and g.
1
Let q(v) = v - 13. Let d be q(4). Let x = d - -142. Let k be x/7 + 6/3. Calculate the highest common divisor of 21 and k.
21
Suppose -9*s = 15 + 192. Let x = s + 75. What is the greatest common divisor of x and 260?
52
Suppose 0*z - 8 = -4*z. Let h(f) = -9*f**2 - 349*f + 120. Let p be h(-39). What is the greatest common factor of p and z?
2
Suppose -5*u - 2*k + 24 = -5, 0 = 4*u - 3*k - 14. Suppose -j - 6 = -3, -c - u*j = -12. What is the highest common divisor of c and 351?
27
Let x(z) = -z**3 - 6*z**2. Let k be x(-7). What is the highest common factor of 14 and k?
7
Let w(n) = -n**2 - 40*n - 273. Let g be w(-31). Calculate the highest common divisor of g and 20.
2
Let i = 5 - 0. Suppose 0*n = i*n - 4*k - 47, 0 = 4*k + 12. Suppose 28*p = 1249 - 269. What is the highest common divisor of p and n?
7
Let b = -392 + 560. Suppose -8*l = -b - 88. What is the highest common divisor of l and 256?
32
Suppose -3*q + 87 + 102 = 0. What is the greatest common factor of 7 and q?
7
Let a(m) = 2*m**2 + 15*m - 491. Let v be a(-47). What is the highest common factor of 18 and v?
18
Let g be -2*(20/(-8) - -2). Suppose -z - g + 3 = 0. Suppose z*d + 4*j - 16 = 0, -4*d - 2*j + 20 = -2*d. Calculate the highest common factor of 4 and d.
4
Let h(b) = 4*b**3 + 27*b**2 + 6*b + 2. Let l be h(-4). What is the highest common divisor of l and 330?
22
Let j be 1/((-784)/(-157) - 5). Let w = -80 - j. What is the highest common factor of 33 and w?
11
Let g be (-4)/(-9) - (-37)/((-1998)/(-1380)). Calculate the highest common divisor of 169 and g.
13
Suppose 5*a - 122 = -4*o, 4*a + 2*o - 81 - 19 = 0. Suppose 4*x - 161 = 4*y + y, -2*x - y = -77. What is the greatest common factor of x and a?
13
Suppose -3*t + 49 = f - 319, 3*t - 378 = -3*f. What is the greatest common factor of t and 22?
11
Let r(i) = -i**2 - 8*i + 2. Let j be r(-7). Suppose 4*w - 14 = 2*w. Suppose -252 = 3*u - w*u. What is the highest common divisor of u and j?
9
Let v(m) = -m**2 + 7*m + 9. Let f be v(8). Let u(t) = -2*t**3 - 3*t**2 - 2*t. Let k be u(-2). Calculate the greatest common divisor of k and f.
1
Let q(p) = 55*p + 32. Let a be q(8). Let h = 139 + -80. What is the highest common factor of a and h?
59
Suppose 0 = -5*y + 3*y + 6. Let q(m) = -m**2 - 4*m**2 + 5*m**2 + 10 + 5*m + m**2. Let x be q(-7). What is the greatest common factor of y and x?
3
Let b = 509 - 500. What is the highest common factor of 6 and b?
3
Let o = 1469 - 1461. Let n(l) = -l**3 - 3*l**2 - l. Let q be n(-4). Calculate the greatest common factor of q and o.
4
Let n = 49 - 28. Let a = -2420 + 2427. Calculate the greatest common factor of a and n.
7
Let l(k) = -4*k**2 - 8*k - 3. Let c be l(-3). Let u = -102 + 66. Let w be (u/(-14))/(c/(-70)). What is the highest common divisor of 30 and w?
6
Let j = -621 - -1149. Calculate the highest common divi